t of 2498?
9
What is the thousands digit of 2705?
2
What is the units digit of 10578?
8
What is the units digit of 727?
7
What is the hundreds digit of 112655?
6
What is the units digit of 409?
9
What is the hundreds digit of 4687?
6
What is the thousands digit of 113964?
3
What is the tens digit of 26997?
9
What is the hundreds digit of 407?
4
What is the tens digit of 1338?
3
What is the tens digit of 693?
9
What is the tens digit of 404?
0
What is the ten thousands digit of 15987?
1
What is the units digit of 3597?
7
What is the hundreds digit of 636?
6
What is the thousands digit of 6104?
6
What is the tens digit of 14472?
7
What is the hundreds digit of 8672?
6
What is the tens digit of 2267?
6
What is the units digit of 1020?
0
What is the ten thousands digit of 16516?
1
What is the hundreds digit of 1616?
6
What is the thousands digit of 75143?
5
What is the tens digit of 38073?
7
What is the units digit of 8719?
9
What is the hundreds digit of 5039?
0
What is the hundreds digit of 26431?
4
What is the thousands digit of 47262?
7
What is the thousands digit of 2172?
2
What is the tens digit of 808?
0
What is the units digit of 1687?
7
What is the units digit of 406?
6
What is the hundreds digit of 1303?
3
What is the hundreds digit of 4309?
3
What is the units digit of 6770?
0
What is the thousands digit of 152760?
2
What is the hundreds digit of 3535?
5
What is the units digit of 386?
6
What is the tens digit of 2404?
0
What is the ten thousands digit of 18499?
1
What is the units digit of 517?
7
What is the tens digit of 32031?
3
What is the thousands digit of 41294?
1
What is the hundreds digit of 5784?
7
What is the units digit of 3548?
8
What is the ten thousands digit of 18730?
1
What is the hundreds digit of 212?
2
What is the hundreds digit of 190816?
8
What is the units digit of 363?
3
What is the tens digit of 4625?
2
What is the units digit of 10470?
0
What is the hundreds digit of 384?
3
What is the units digit of 403?
3
What is the hundreds digit of 5279?
2
What is the units digit of 6478?
8
What is the tens digit of 7701?
0
What is the units digit of 11272?
2
What is the tens digit of 557?
5
What is the tens digit of 8965?
6
What is the thousands digit of 136710?
6
What is the thousands digit of 13609?
3
What is the tens digit of 13797?
9
What is the hundreds digit of 34772?
7
What is the tens digit of 91248?
4
What is the tens digit of 605?
0
What is the hundreds digit of 2212?
2
What is the tens digit of 5697?
9
What is the hundreds digit of 609?
6
What is the tens digit of 29475?
7
What is the units digit of 7561?
1
What is the units digit of 115?
5
What is the units digit of 698?
8
What is the ten thousands digit of 23930?
2
What is the hundreds digit of 481?
4
What is the units digit of 25771?
1
What is the tens digit of 158110?
1
What is the thousands digit of 1062?
1
What is the units digit of 2721?
1
What is the units digit of 44328?
8
What is the thousands digit of 30725?
0
What is the hundreds digit of 23188?
1
What is the tens digit of 1346?
4
What is the hundreds digit of 40103?
1
What is the hundreds digit of 528?
5
What is the thousands digit of 4247?
4
What is the hundreds digit of 119?
1
What is the hundreds digit of 1911?
9
What is the hundreds digit of 430?
4
What is the ten thousands digit of 13285?
1
What is the ten thousands digit of 18544?
1
What is the units digit of 394?
4
What is the hundred thousands digit of 111212?
1
What is the ten thousands digit of 39426?
3
What is the tens digit of 1565?
6
What is the thousands digit of 1987?
1
What is the thousands digit of 29526?
9
What is the hundreds digit of 6104?
1
What is the tens digit of 1505?
0
What is the hundreds digit of 19207?
2
What is the hundreds digit of 163478?
4
What is the units digit of 10372?
2
What is the tens digit of 5308?
0
What is the units digit of 3327?
7
What is the units digit of 5384?
4
What is the tens digit of 852?
5
What is the tens digit of 7463?
6
What is the tens digit of 5888?
8
What is the units digit of 1741?
1
What is the units digit of 40795?
5
What is the tens digit of 1140?
4
What is the hundreds digit of 1004?
0
What is the hundreds digit of 4418?
4
What is the tens digit of 1646?
4
What is the tens digit of 69142?
4
What is the hundreds digit of 16769?
7
What is the hundreds digit of 46722?
7
What is the ten thousands digit of 33609?
3
What is the thousands digit of 1923?
1
What is the units digit of 702?
2
What is the hundreds digit of 2463?
4
What is the units digit of 19975?
5
What is the hundreds digit of 4773?
7
What is the units digit of 50486?
6
What is the tens digit of 85?
8
What is the units digit of 6120?
0
What is the tens digit of 19822?
2
What is the tens digit of 11171?
7
What is the thousands digit of 73364?
3
What is the units digit of 17776?
6
What is the units digit of 140?
0
What is the units digit of 287?
7
What is the units digit of 5034?
4
What is the units digit of 40?
0
What is the thousands digit of 9752?
9
What is the tens digit of 986?
8
What is the tens digit of 38828?
2
What is the tens digit of 1940?
4
What is the thousands digit of 1337?
1
What is the units digit of 6865?
5
What is the hundreds digit of 11755?
7
What is the ten thousands digit of 19466?
1
What is the thousands digit of 11238?
1
What is the thousands digit of 2479?
2
What is the hundreds digit of 1948?
9
What is the units digit of 2174?
4
What is the tens digit of 1670?
7
What is the units digit of 677?
7
What is the units digit of 3896?
6
What is the units digit of 1437?
7
What is the units digit of 26988?
8
What is the hundreds digit of 742?
7
What is the hundreds digit of 1079?
0
What is the hundreds digit of 2483?
4
What is the hundreds digit of 17490?
4
What is the units digit of 5860?
0
What is the thousands digit of 14324?
4
What is the hundreds digit of 55400?
4
What is the hundreds digit of 10585?
5
What is the hundred thousands digit of 109006?
1
What is the units digit of 20375?
5
What is the tens digit of 1275?
7
What is the units digit of 535?
5
What is the hundreds digit of 401?
4
What is the units digit of 31673?
3
What is the thousands digit of 9340?
9
What is the units digit of 25924?
4
What is the tens digit of 703?
0
What is the hundreds digit of 22882?
8
What is the thousands digit of 6852?
6
What is the hundreds digit of 16472?
4
What is the tens digit of 1571?
7
What is the tens digit of 5767?
6
What is the thousands digit of 1328?
1
What is the thousands digit of 3939?
3
What is the hundreds digit of 8556?
5
What is the units digit of 2679?
9
What is the units digit of 873?
3
What is the hundreds digit of 63787?
7
What is the tens digit of 32007?
0
What is the hundred thousands digit of 171025?
1
What is the thousands digit of 1357?
1
What is the units digit of 404?
4
What is the units digit of 1087?
7
What is the thousands digit of 3943?
3
What is the thousands digit of 31737?
1
What is the units digit of 157787?
7
What is the hundreds digit of 893?
8
What is the units digit of 50?
0
What is the tens digit of 799?
9
What is the hundreds digit of 7264?
2
What is the tens digit of 67049?
4
What is the tens digit of 101716?
1
What is the tens digit of 7114?
1
What is the hundreds digit of 469?
4
What is the hundreds digit of 7413?
4
What is the units digit of 2454?
4
What is the hundreds digit of 33125?
1
What is the hundreds digit of 4326?
3
What is the thousands digit of 11136?
1
What is the tens digit of 14915?
1
What is the units digit of 132492?
2
What is the thousands digit of 14010?
4
What is the hundreds digit of 225?
2
What is the thousands digit of 41567?
1
What is the units digit of 14733?
3
What is the tens digit of 3022?
2
What is the units digit of 2552?
2
What is the hundreds digit of 7105?
1
What is the units digit of 806?
6
What is the hundreds digit of 3858?
8
What is the ten thousands digit of 103964?
0
What is the thousands digit of 20887?
0
What is the units digit of 738?
8
What is the thousands digit of 7091?
7
What is the tens digit of 62365?
6
What is the units digit of 42849?
9
What is the tens digit of 5486?
8
What is the hundreds digit of 10372?
3
What is the units digit of 9160?
0
What is the tens digit of 3923?
2
What is the thousands digit of 10335?
0
What is